{"id":2997,"date":"2018-09-30T11:41:03","date_gmt":"2018-09-30T11:41:03","guid":{"rendered":"https:\/\/fisiomagna.es\/?page_id=2997"},"modified":"2018-12-02T20:35:55","modified_gmt":"2018-12-02T19:35:55","slug":"podologia","status":"publish","type":"page","link":"https:\/\/fisiomagna.es\/index.php\/podologia\/","title":{"rendered":"Podolog\u00eda"},"content":{"rendered":"<div class=\"wpb-content-wrapper\"><p>[vc_row][vc_column width=\u00bb4\/6&#8243;][vc_column_text]<\/p>\n<h4><strong>\u00bfQU\u00c9 ES LA PODOLOG\u00cdA?<\/strong><\/h4>\n<p>El\u00a0pod\u00f3logo\u00a0es\u00a0el\u00a0profesional\u00a0sanitario\u00a0encargado\u00a0de\u00a0la\u00a0prevenci\u00f3n,\u00a0diagn\u00f3stico\u00a0y\u00a0tratamiento\u00a0de\u00a0las\u00a0enfermedades\u00a0de\u00a0los\u00a0pies<span style=\"font-weight: 400;\">.<\/span><\/p>\n<h3><\/h3>\n<p>[\/vc_column_text][\/vc_column][vc_column width=\u00bb2\/6&#8243;][vc_single_image image=\u00bb3022&#8243; img_size=\u00bbmedium\u00bb alignment=\u00bbcenter\u00bb style=\u00bbvc_box_shadow_circle_2&#8243;][\/vc_column][\/vc_row][vc_row][vc_column][vc_column_text]<\/p>\n<h4 style=\"text-align: left;\"><strong>\u00bfEN QU\u00c9 CONSISTE?<\/strong><\/h4>\n<p>Seg\u00fan la zona que se trabaja:<\/p>\n<ul>\n<li><strong>Quiropodia<\/strong>: Es el tratamiento m\u00e1s com\u00fan, por ser el destinado a la eliminaci\u00f3n de durezas e hiperqueratosis que son el resultado de un exceso de presi\u00f3n en determinadas zonas de los pies.<\/li>\n<li><strong>Onicocriptosis<\/strong>:\u00a0Son\u00a0las\u00a0llamadas\u00a0u\u00f1as\u00a0encarnadas.\u00a0Aparecen\u00a0generalmente\u00a0por\u00a0malos\u00a0cortes\u00a0ungueales\u00a0y por un mal crecimiento de la u\u00f1a desde\u00a0su\u00a0origen\u00a0en\u00a0la\u00a0matriz.<\/li>\n<li><strong>Onicogrifosis\u00a0(engrosamiento de la u\u00f1a)<\/strong>,\u00a0onicomicosis\u00a0(hongos)\u00a0y\u00a0otras\u00a0alteraciones\u00a0ungueales (hematomas).<\/li>\n<li><strong>Pr\u00f3tesis\u00a0de\u00a0silicona<\/strong>:\u00a0Ortesis\u00a0realizadas\u00a0a\u00a0medida\u00a0sobre\u00a0el\u00a0pie\u00a0del\u00a0paciente.\u00a0Sirven\u00a0para\u00a0compensar\u00a0las\u00a0distintas patolog\u00edas digitales como dedos en garra, dedos martillo, Hallux Abductus Valgus o juanetes.<\/li>\n<li><strong>Plantillas\u00a0personalizadas<\/strong>:\u00a0Tratamientos\u00a0destinados\u00a0a\u00a0mejorar\u00a0la\u00a0marcha\u00a0humana\u00a0y\u00a0evitar\u00a0lesiones\u00a0no\u00a0solo\u00a0en\u00a0los\u00a0pies\u00a0sino tambi\u00e9n en el\u00a0resto\u00a0del\u00a0aparato\u00a0locomotor.<\/li>\n<li><strong>Papilomas<\/strong>:\u00a0Lesiones\u00a0v\u00edricas\u00a0que\u00a0suelen\u00a0afectar\u00a0sobretodo\u00a0a\u00a0ni\u00f1os\u00a0debido\u00a0a\u00a0su\u00a0vulnerabilidad\u00a0ante\u00a0los\u00a0mismos. Tienen\u00a0un\u00a0per\u00edodo de incubaci\u00f3n de 2 a 6 meses y aparecen por contagio en medios h\u00famedos, por lo que los lugares m\u00e1s comunes para su propagaci\u00f3n son las piscinas, spas y duchas comunes en vestuarios.<\/li>\n<\/ul>\n<p>[\/vc_column_text][vc_empty_space][\/vc_column][\/vc_row]<\/p>\n<\/div>","protected":false},"excerpt":{"rendered":"<p>[vc_row][vc_column width=\u00bb4\/6&#8243;][vc_column_text] \u00bfQU\u00c9 ES LA PODOLOG\u00cdA? El\u00a0pod\u00f3logo\u00a0es\u00a0el\u00a0profesional\u00a0sanitario\u00a0encargado\u00a0de\u00a0la\u00a0prevenci\u00f3n,\u00a0diagn\u00f3stico\u00a0y\u00a0tratamiento\u00a0de\u00a0las\u00a0enfermedades\u00a0de\u00a0los\u00a0pies. [\/vc_column_text][\/vc_column][vc_column width=\u00bb2\/6&#8243;][vc_single_image image=\u00bb3022&#8243; img_size=\u00bbmedium\u00bb alignment=\u00bbcenter\u00bb style=\u00bbvc_box_shadow_circle_2&#8243;][\/vc_column][\/vc_row][vc_row][vc_column][vc_column_text] \u00bfEN QU\u00c9 CONSISTE? Seg\u00fan la zona que se trabaja: Quiropodia: Es el tratamiento m\u00e1s com\u00fan, por ser el destinado a la eliminaci\u00f3n de durezas e hiperqueratosis que son el resultado de un exceso de presi\u00f3n en determinadas zonas de los pies. Onicocriptosis:\u00a0Son\u00a0las\u00a0llamadas\u00a0u\u00f1as\u00a0encarnadas.\u00a0Aparecen\u00a0generalmente\u00a0por\u00a0malos\u00a0cortes\u00a0ungueales\u00a0y [&hellip;]<\/p>\n","protected":false},"author":1,"featured_media":0,"parent":0,"menu_order":0,"comment_status":"closed","ping_status":"closed","template":"page-boxed.php","meta":{"footnotes":""},"class_list":["post-2997","page","type-page","status-publish","hentry"],"_links":{"self":[{"href":"https:\/\/fisiomagna.es\/index.php\/wp-json\/wp\/v2\/pages\/2997","targetHints":{"allow":["GET"]}}],"collection":[{"href":"https:\/\/fisiomagna.es\/index.php\/wp-json\/wp\/v2\/pages"}],"about":[{"href":"https:\/\/fisiomagna.es\/index.php\/wp-json\/wp\/v2\/types\/page"}],"author":[{"embeddable":true,"href":"https:\/\/fisiomagna.es\/index.php\/wp-json\/wp\/v2\/users\/1"}],"replies":[{"embeddable":true,"href":"https:\/\/fisiomagna.es\/index.php\/wp-json\/wp\/v2\/comments?post=2997"}],"version-history":[{"count":9,"href":"https:\/\/fisiomagna.es\/index.php\/wp-json\/wp\/v2\/pages\/2997\/revisions"}],"predecessor-version":[{"id":3109,"href":"https:\/\/fisiomagna.es\/index.php\/wp-json\/wp\/v2\/pages\/2997\/revisions\/3109"}],"wp:attachment":[{"href":"https:\/\/fisiomagna.es\/index.php\/wp-json\/wp\/v2\/media?parent=2997"}],"curies":[{"name":"wp","href":"https:\/\/api.w.org\/{rel}","templated":true}]}}