{"id":2923,"date":"2018-07-17T18:51:53","date_gmt":"2018-07-17T18:51:53","guid":{"rendered":"https:\/\/fisiomagna.es\/?page_id=2923"},"modified":"2023-04-21T12:11:38","modified_gmt":"2023-04-21T10:11:38","slug":"servicios","status":"publish","type":"page","link":"https:\/\/fisiomagna.es\/index.php\/servicios\/","title":{"rendered":"Servicios"},"content":{"rendered":"<p>[vc_row][vc_column][vc_column_text]<\/p>\n<p style=\"text-align: center;\">Fisiomagna\u00a0es\u00a0un\u00a0centro\u00a0de\u00a0recuperaci\u00f3n\u00a0integral,\u00a0una\u00a0<b>cl\u00ednica\u00a0de\u00a0referencia<\/b>\u00a0en\u00a0la Fisioterapia, Osteopatia y la Biomec\u00e1nica en\u00a0<strong>Alcal\u00e1 de Henares desde 2005<\/strong>.\u00a0Nuestros profesionales titulados dedican a cada paciente el tiempo preciso para su dolencia y realizan un seguimiento exhaustivo del mismo. Adem\u00e1s de los mejores profesionales tambi\u00e9n contamos con lo \u00faltimo en equipamiento.<\/p>\n<p style=\"text-align: center;\">En <strong>2021<\/strong> hemos ampliando nuestras instalaciones y ofrecemos nuevos servicios, como <strong>psicolog\u00eda, logopedia, talleres, pilates y nutrici\u00f3n,<\/strong> entre otros.<\/p>\n<p>[\/vc_column_text][\/vc_column][\/vc_row][vc_row equal_height=\u00bbyes\u00bb content_placement=\u00bbmiddle\u00bb type=\u00bbboxed\u00bb columns_height=\u00bbadjust_cols_height\u00bb font_color=\u00bb#000000&#8243; css=\u00bb.vc_custom_1531852478620{margin-top: 5% !important;background-color: #ffffff !important;background-position: center !important;background-repeat: no-repeat !important;background-size: cover !important;}\u00bb][vc_column width=\u00bb1\/3&#8243;][vc_cta h2=\u00bbOSTEOPATIA\u00bb h2_font_container=\u00bbfont_size:28px\u00bb h2_use_theme_fonts=\u00bbyes\u00bb txt_align=\u00bbcenter\u00bb add_button=\u00bbbottom\u00bb btn_title=\u00bbSaber m\u00e1s\u00bb btn_color=\u00bbwarning\u00bb btn_align=\u00bbcenter\u00bb use_custom_fonts_h2=\u00bbtrue\u00bb css=\u00bb.vc_custom_1639046516683{padding-top: 50% !important;padding-bottom: 10% !important;background-image: url(https:\/\/fisiomagna.es\/wp-content\/uploads\/2018\/07\/osteopatia-orangepeel.jpg?id=2903) !important;}\u00bb btn_link=\u00bburl:https%3A%2F%2Ffisiomagna.es%2Findex.php%2Fosteopatia%2F|||\u00bb][\/vc_cta][\/vc_column][vc_column width=\u00bb1\/3&#8243;][vc_cta h2=\u00bbFISIOTERAPIA\u00bb h2_font_container=\u00bbfont_size:28px\u00bb h2_use_theme_fonts=\u00bbyes\u00bb txt_align=\u00bbcenter\u00bb add_button=\u00bbbottom\u00bb btn_title=\u00bbSaber m\u00e1s\u00bb btn_color=\u00bbwarning\u00bb btn_align=\u00bbcenter\u00bb use_custom_fonts_h2=\u00bbtrue\u00bb css=\u00bb.vc_custom_1639046525097{padding-top: 50% !important;padding-bottom: 10% !important;background-image: url(https:\/\/fisiomagna.es\/wp-content\/uploads\/2018\/07\/fisioterapia-orangepeel.jpg?id=2904) !important;}\u00bb btn_link=\u00bburl:https%3A%2F%2Ffisiomagna.es%2Findex.php%2Ffisioterapia%2F|||\u00bb][\/vc_cta][\/vc_column][vc_column width=\u00bb1\/3&#8243;][vc_cta h2=\u00bbPODOLOGIA\u00bb h2_font_container=\u00bbfont_size:28px\u00bb h2_use_theme_fonts=\u00bbyes\u00bb txt_align=\u00bbcenter\u00bb add_button=\u00bbbottom\u00bb btn_title=\u00bbSaber m\u00e1s\u00bb btn_color=\u00bbwarning\u00bb btn_align=\u00bbcenter\u00bb use_custom_fonts_h2=\u00bbtrue\u00bb css=\u00bb.vc_custom_1639046534698{padding-top: 50% !important;padding-bottom: 10% !important;background-image: url(https:\/\/fisiomagna.es\/wp-content\/uploads\/2018\/07\/podologia-orangepeel.jpg?id=2905) !important;}\u00bb btn_link=\u00bburl:https%3A%2F%2Ffisiomagna.es%2Findex.php%2Fpodologia%2F|||\u00bb][\/vc_cta][\/vc_column][\/vc_row][vc_row equal_height=\u00bbyes\u00bb content_placement=\u00bbtop\u00bb type=\u00bbboxed\u00bb columns_height=\u00bbadjust_cols_height\u00bb font_color=\u00bb#000000&#8243; css=\u00bb.vc_custom_1531847120315{background-color: #ffffff !important;background-position: center !important;background-repeat: no-repeat !important;background-size: cover !important;}\u00bb][vc_column width=\u00bb1\/3&#8243;][vc_cta h2=\u00bbBIOMECANICA\u00bb h2_font_container=\u00bbfont_size:28px\u00bb h2_use_theme_fonts=\u00bbyes\u00bb txt_align=\u00bbcenter\u00bb add_button=\u00bbbottom\u00bb btn_title=\u00bbSaber m\u00e1s\u00bb btn_color=\u00bbwarning\u00bb btn_align=\u00bbcenter\u00bb use_custom_fonts_h2=\u00bbtrue\u00bb css=\u00bb.vc_custom_1639046544681{padding-top: 50% !important;padding-bottom: 10% !important;background-image: url(https:\/\/fisiomagna.es\/wp-content\/uploads\/2018\/07\/biomecanica-orangepeel.jpg?id=2906) !important;}\u00bb btn_link=\u00bburl:https%3A%2F%2Ffisiomagna.es%2Findex.php%2Fbiomecanica%2F|||\u00bb][\/vc_cta][\/vc_column][vc_column width=\u00bb1\/3&#8243;][vc_cta h2=\u00bbPOSTCIRUGIA\u00bb h2_font_container=\u00bbfont_size:28px\u00bb h2_use_theme_fonts=\u00bbyes\u00bb txt_align=\u00bbcenter\u00bb add_button=\u00bbbottom\u00bb btn_title=\u00bbSaber m\u00e1s\u00bb btn_color=\u00bbwarning\u00bb btn_align=\u00bbcenter\u00bb use_custom_fonts_h2=\u00bbtrue\u00bb css=\u00bb.vc_custom_1639046553708{padding-top: 50% !important;padding-bottom: 10% !important;background-image: url(https:\/\/fisiomagna.es\/wp-content\/uploads\/2018\/07\/postcirugia-orangepeel.jpg?id=2907) !important;}\u00bb btn_link=\u00bburl:https%3A%2F%2Ffisiomagna.es%2Findex.php%2Fpostcirugia%2F|||\u00bb][\/vc_cta][\/vc_column][vc_column width=\u00bb1\/3&#8243;][vc_cta h2=\u00bbRADIOFRECUENCIA\u00bb h2_font_container=\u00bbfont_size:28px\u00bb h2_use_theme_fonts=\u00bbyes\u00bb txt_align=\u00bbcenter\u00bb add_button=\u00bbbottom\u00bb btn_title=\u00bbSaber m\u00e1s\u00bb btn_color=\u00bbwarning\u00bb btn_align=\u00bbcenter\u00bb use_custom_fonts_h2=\u00bbtrue\u00bb css=\u00bb.vc_custom_1639046562640{padding-top: 50% !important;padding-bottom: 10% !important;background-image: url(https:\/\/fisiomagna.es\/wp-content\/uploads\/2019\/05\/radiofrecuencia-orangepeel.jpg?id=3163) !important;}\u00bb btn_link=\u00bburl:https%3A%2F%2Ffisiomagna.es%2Findex.php%2Fradiofrecuencia%2F|title:radiofrecuencia||\u00bb][\/vc_cta][\/vc_column][\/vc_row][vc_row equal_height=\u00bbyes\u00bb content_placement=\u00bbtop\u00bb type=\u00bbboxed\u00bb columns_height=\u00bbadjust_cols_height\u00bb font_color=\u00bb#000000&#8243; css=\u00bb.vc_custom_1531847120315{background-color: #ffffff !important;background-position: center !important;background-repeat: no-repeat !important;background-size: cover !important;}\u00bb][vc_column width=\u00bb1\/3&#8243;][vc_cta h2=\u00bbPSICOLOG\u00cdA\u00bb h2_font_container=\u00bbfont_size:28px\u00bb h2_use_theme_fonts=\u00bbyes\u00bb txt_align=\u00bbcenter\u00bb add_button=\u00bbbottom\u00bb btn_title=\u00bbSaber m\u00e1s\u00bb btn_color=\u00bbwarning\u00bb btn_align=\u00bbcenter\u00bb use_custom_fonts_h2=\u00bbtrue\u00bb css=\u00bb.vc_custom_1639053876886{padding-top: 50% !important;padding-bottom: 10% !important;background-image: url(https:\/\/fisiomagna.es\/wp-content\/uploads\/2021\/07\/psychology-2647941_1920-orangepeel.jpg?id=3311) !important;background-position: center !important;background-repeat: no-repeat !important;background-size: cover !important;}\u00bb btn_link=\u00bburl:https%3A%2F%2Ffisiomagna.es%2Findex.php%2Fpsicologia%2F|title:Psicolog%C3%ADa||\u00bb][\/vc_cta][\/vc_column][vc_column width=\u00bb1\/3&#8243;][vc_cta h2=\u00bbNUTRICI\u00d3N\u00bb h2_font_container=\u00bbfont_size:28px\u00bb h2_use_theme_fonts=\u00bbyes\u00bb txt_align=\u00bbcenter\u00bb add_button=\u00bbbottom\u00bb btn_title=\u00bbSaber m\u00e1s\u00bb btn_color=\u00bbwarning\u00bb btn_align=\u00bbcenter\u00bb use_custom_fonts_h2=\u00bbtrue\u00bb css=\u00bb.vc_custom_1639046585678{padding-top: 50% !important;padding-bottom: 10% !important;background-image: url(https:\/\/fisiomagna.es\/wp-content\/uploads\/2021\/07\/breakfast-4234067_1920-orangepeel.jpg?id=3309) !important;background-position: center !important;background-repeat: no-repeat !important;background-size: cover !important;}\u00bb btn_link=\u00bburl:https%3A%2F%2Ffisiomagna.es%2Findex.php%2Fnutricion%2F|title:Nutrici%C3%B3n||\u00bb][\/vc_cta][\/vc_column][vc_column width=\u00bb1\/3&#8243;][vc_cta h2=\u00bbPILATES\u00bb h2_font_container=\u00bbfont_size:28px\u00bb h2_use_theme_fonts=\u00bbyes\u00bb txt_align=\u00bbcenter\u00bb add_button=\u00bbbottom\u00bb btn_title=\u00bbSaber m\u00e1s\u00bb btn_color=\u00bbwarning\u00bb btn_align=\u00bbcenter\u00bb use_custom_fonts_h2=\u00bbtrue\u00bb css=\u00bb.vc_custom_1639046596394{padding-top: 50% !important;padding-bottom: 10% !important;background-image: url(https:\/\/fisiomagna.es\/wp-content\/uploads\/2021\/07\/yoga-3053487_1920-orangepeel.jpg?id=3313) !important;background-position: center !important;background-repeat: no-repeat !important;background-size: cover !important;}\u00bb btn_link=\u00bburl:%23|title:radiofrecuencia||\u00bb][\/vc_cta][\/vc_column][\/vc_row][vc_row equal_height=\u00bbyes\u00bb content_placement=\u00bbtop\u00bb type=\u00bbboxed\u00bb columns_height=\u00bbadjust_cols_height\u00bb font_color=\u00bb#000000&#8243; css=\u00bb.vc_custom_1531847120315{background-color: #ffffff !important;background-position: center !important;background-repeat: no-repeat !important;background-size: cover !important;}\u00bb][vc_column width=\u00bb1\/3&#8243;][vc_cta h2=\u00bbLOGOPEDIA\u00bb h2_font_container=\u00bbfont_size:28px\u00bb h2_use_theme_fonts=\u00bbyes\u00bb txt_align=\u00bbcenter\u00bb add_button=\u00bbbottom\u00bb btn_title=\u00bbSaber m\u00e1s\u00bb btn_color=\u00bbwarning\u00bb btn_align=\u00bbcenter\u00bb use_custom_fonts_h2=\u00bbtrue\u00bb css=\u00bb.vc_custom_1639046605739{padding-top: 50% !important;padding-bottom: 10% !important;background-image: url(https:\/\/fisiomagna.es\/wp-content\/uploads\/2021\/12\/cute-child-with-speech-therapist-is-taught-to-pronounce-the-letters-words-and-sounds-correctly-scaled-orangepeel.jpg?id=3366) !important;background-position: center !important;background-repeat: no-repeat !important;background-size: cover !important;}\u00bb btn_link=\u00bburl:%23|||\u00bb][\/vc_cta][\/vc_column][vc_column width=\u00bb1\/3&#8243;][vc_cta h2=\u00bbTALLERES\u00bb h2_font_container=\u00bbfont_size:28px\u00bb h2_use_theme_fonts=\u00bbyes\u00bb txt_align=\u00bbcenter\u00bb add_button=\u00bbbottom\u00bb btn_title=\u00bbSaber m\u00e1s\u00bb btn_color=\u00bbwarning\u00bb btn_align=\u00bbcenter\u00bb use_custom_fonts_h2=\u00bbtrue\u00bb css=\u00bb.vc_custom_1639046613442{padding-top: 50% !important;padding-bottom: 10% !important;background-image: url(https:\/\/fisiomagna.es\/wp-content\/uploads\/2021\/12\/talleres-orangepeel.jpg?id=3371) !important;background-position: center !important;background-repeat: no-repeat !important;background-size: cover !important;}\u00bb btn_link=\u00bburl:%23|||\u00bb][\/vc_cta][\/vc_column][vc_column width=\u00bb1\/3&#8243;][vc_cta h2=\u00bbMINDFULNESS\u00bb h2_font_container=\u00bbfont_size:28px\u00bb h2_use_theme_fonts=\u00bbyes\u00bb txt_align=\u00bbcenter\u00bb add_button=\u00bbbottom\u00bb btn_title=\u00bbSaber m\u00e1s\u00bb btn_color=\u00bbwarning\u00bb btn_align=\u00bbcenter\u00bb use_custom_fonts_h2=\u00bbtrue\u00bb css=\u00bb.vc_custom_1639046625978{padding-top: 50% !important;padding-bottom: 10% !important;background-image: url(https:\/\/fisiomagna.es\/wp-content\/uploads\/2021\/12\/young-pretty-joyful-brunette-woman-meditating-on-table-surround-work-stuff-and-flying-papers-cheerful-mood-taking-break-working-studying-relaxation-true-emotions-scaled-orangepeel.jpg?id=3369) !important;background-position: center !important;background-repeat: no-repeat !important;background-size: cover !important;}\u00bb btn_link=\u00bburl:%23|title:radiofrecuencia||\u00bb][\/vc_cta][\/vc_column][\/vc_row][vc_row equal_height=\u00bbyes\u00bb content_placement=\u00bbtop\u00bb type=\u00bbboxed\u00bb columns_height=\u00bbadjust_cols_height\u00bb font_color=\u00bb#000000&#8243; css=\u00bb.vc_custom_1531847120315{background-color: #ffffff !important;background-position: center !important;background-repeat: no-repeat !important;background-size: cover !important;}\u00bb][vc_column width=\u00bb1\/3&#8243;][\/vc_column][vc_column width=\u00bb1\/3&#8243;][vc_cta h2=\u00bbTERAPIA OCUPACIONAL\u00bb h2_font_container=\u00bbtag:h2|font_size:26px|text_align:center\u00bb h2_use_theme_fonts=\u00bbyes\u00bb txt_align=\u00bbcenter\u00bb add_button=\u00bbbottom\u00bb btn_title=\u00bbSaber m\u00e1s\u00bb btn_color=\u00bbwarning\u00bb btn_align=\u00bbcenter\u00bb use_custom_fonts_h2=\u00bbtrue\u00bb css=\u00bb.vc_custom_1682071864811{padding-top: 50% !important;padding-bottom: 10% !important;background-image: url(https:\/\/fisiomagna.es\/wp-content\/uploads\/2023\/04\/terapia-ocupacional-orangepeel.jpg?id=3491) !important;background-position: center !important;background-repeat: no-repeat !important;background-size: cover !important;}\u00bb btn_link=\u00bburl:https%3A%2F%2Ffisiomagna.es%2Findex.php%2Fterapia-ocupacional-2%2F|title:Terapia%20Ocupacional\u00bb][\/vc_cta][\/vc_column][vc_column width=\u00bb1\/3&#8243;][\/vc_column][\/vc_row][vc_row][vc_column][vc_column_text][\/vc_column_text][\/vc_column][\/vc_row][vc_row][vc_column][vc_column_text css=\u00bb.vc_custom_1543781911490{margin-right: 10% !important;margin-left: 10% !important;background-position: center !important;background-repeat: no-repeat !important;background-size: contain !important;}\u00bb]<\/p>\n<p style=\"text-align: center;\">\u00bfNo sabes qu\u00e9 regalar? <strong>Para cumplea\u00f1os, aniversarios, navidades<\/strong>&#8230; con la tarjeta regalo de Fisiomagna regala salud, bienestar y relax.<\/p>\n<p style=\"text-align: center;\">Puedes abonar el servicio que desees: sesi\u00f3n fisioterapia, bono 5 sesiones fisioterapia, bono 10 sesiones fisioterapia, osteopat\u00eda, plantillas&#8230; Consulta en nuestra cl\u00ednica por nuestras tarifas y elige el m\u00e1s apropiado.<\/p>\n<p style=\"text-align: center;\"><em><strong>No tiene caducidad &#8211;\u00a0<\/strong>Se abona en la cl\u00ednica, los clientes se llevan una tarjeta con el servicio pagado.<\/em><\/p>\n<p>[\/vc_column_text][vc_single_image image=\u00bb3236&#8243; img_size=\u00bbfull\u00bb alignment=\u00bbcenter\u00bb][vc_single_image image=\u00bb3141&#8243; img_size=\u00bbfull\u00bb alignment=\u00bbcenter\u00bb][vc_separator][vc_single_image image=\u00bb3136&#8243; img_size=\u00bbfull\u00bb alignment=\u00bbcenter\u00bb][\/vc_column][\/vc_row]<\/p>\n","protected":false},"excerpt":{"rendered":"<p>[vc_row][vc_column][vc_column_text] Fisiomagna\u00a0es\u00a0un\u00a0centro\u00a0de\u00a0recuperaci\u00f3n\u00a0integral,\u00a0una\u00a0cl\u00ednica\u00a0de\u00a0referencia\u00a0en\u00a0la Fisioterapia, Osteopatia y la Biomec\u00e1nica en\u00a0Alcal\u00e1 de Henares desde 2005.\u00a0Nuestros profesionales titulados dedican a cada paciente el tiempo preciso para su dolencia y realizan un seguimiento exhaustivo del mismo. Adem\u00e1s de los mejores profesionales tambi\u00e9n contamos con lo \u00faltimo en equipamiento. En 2021 hemos ampliando nuestras instalaciones y ofrecemos nuevos servicios, como psicolog\u00eda, [&hellip;]<\/p>\n","protected":false},"author":1,"featured_media":0,"parent":0,"menu_order":0,"comment_status":"closed","ping_status":"closed","template":"page-boxed.php","meta":{"footnotes":""},"class_list":["post-2923","page","type-page","status-publish","hentry"],"_links":{"self":[{"href":"https:\/\/fisiomagna.es\/index.php\/wp-json\/wp\/v2\/pages\/2923","targetHints":{"allow":["GET"]}}],"collection":[{"href":"https:\/\/fisiomagna.es\/index.php\/wp-json\/wp\/v2\/pages"}],"about":[{"href":"https:\/\/fisiomagna.es\/index.php\/wp-json\/wp\/v2\/types\/page"}],"author":[{"embeddable":true,"href":"https:\/\/fisiomagna.es\/index.php\/wp-json\/wp\/v2\/users\/1"}],"replies":[{"embeddable":true,"href":"https:\/\/fisiomagna.es\/index.php\/wp-json\/wp\/v2\/comments?post=2923"}],"version-history":[{"count":33,"href":"https:\/\/fisiomagna.es\/index.php\/wp-json\/wp\/v2\/pages\/2923\/revisions"}],"predecessor-version":[{"id":3502,"href":"https:\/\/fisiomagna.es\/index.php\/wp-json\/wp\/v2\/pages\/2923\/revisions\/3502"}],"wp:attachment":[{"href":"https:\/\/fisiomagna.es\/index.php\/wp-json\/wp\/v2\/media?parent=2923"}],"curies":[{"name":"wp","href":"https:\/\/api.w.org\/{rel}","templated":true}]}}